b(-1). Suppose -f*q - u = -1065, -2*q + 0*u + u + z = 0. Is q prime?
False
Let w be 6/(-8) - 12884886/(-168). Suppose 20881 + w = 8*v. Is v a prime number?
True
Let v(k) be the first derivative of 291*k**2/2 - 37*k - 309. Suppose 0 = a - 3*r - 17, 2*a - 2*r + 0*r = 18. Is v(a) prime?
False
Let s be (-530)/(-6) + (-11)/33. Let l = 214 - s. Suppose 192 = 2*m - 4*b, -m + l = -3*b + 7*b. Is m composite?
True
Suppose -165*t + 26718284 + 34328843 = -75993458. Is t composite?
False
Suppose -4*f + 18 = 6. Suppose 0*l + 39551 = 5*l + f*u, 3*u - 31642 = -4*l. Is l a prime number?
False
Let m = 881 - 871. Suppose -5*j + m = 0, 0 = 5*y + 2*j - 5*j - 43549. Is y prime?
False
Let k be (0 - 6 - 17)*(2490 - 2). Is (k/32)/(5/(-20)) a composite number?
True
Suppose 1136 + 325 = l + 3*s, -9 = -3*s. Let w = -1001 + l. Is w prime?
False
Let h(a) = 4297*a + 180. Let j be h(-5). Let z = j + 53706. Is z composite?
False
Is 1 + -2 + -3 - (-1464390)/6 prime?
False
Let k(q) = 52584*q**2 + 56*q - 199. Is k(4) prime?
True
Is 8/(-4) + 133453 + (9 - 9) composite?
False
Suppose 6*u - 10*u + 16 = 0. Let k be (-15)/3 + (12 - u). Suppose 0 = -2*c + k*n + 1288, -3*n + 537 + 98 = c. Is c a prime number?
True
Let z be (-1)/((-4)/(-3))*20/5. Let j be 2101/(-3) - (0 - z/(-9)). Let a = 1739 + j. Is a a composite number?
False
Suppose 14614 - 3691 = j. Suppose 9*n = -j + 71385. Is n prime?
False
Let q(d) = 33*d**2 + 34*d + 33. Let y(a) = -30*a**2 - 34*a - 32. Let s(p) = -5*q(p) - 6*y(p). Is s(-14) prime?
False
Let x = -47364 + 61495. Is x a composite number?
True
Let q(a) = 245626*a**2 - 9*a - 1. Let s be q(-1). Suppose 975402 - s = 24*l. Is l composite?
True
Let t be (-30)/(-35)*(1 + 6). Suppose -t*v - 5500 = -v. Let h = 2757 + v. Is h a prime number?
True
Suppose 0 = 5*b - 3*t - 2357 - 3757, -5*b + 2*t + 6116 = 0. Suppose -4*d = 3*h - b, 5*d + 5*h + 65 - 1590 = 0. Suppose -2*y = -773 - d. Is y a composite number?
False
Let p = 1 - -1. Suppose 7*i = -5*k + p*i - 1365, i - 827 = 3*k. Let a = k + 1734. Is a a prime number?
True
Let n be (60/50)/((-2)/(-5)). Suppose -3*w + i - 7 = 0, 0 = 3*w - 7*w + n*i - 16. Is -211*(-4 - (-4 - w)) a composite number?
False
Let n = 33139 - 5528. Is n prime?
True
Let d(p) = 492*p**2 - 49*p + 333. Is d(8) prime?
False
Let g(l) = 169135*l - 33. Is g(1) prime?
False
Suppose 10*c = 5*c + 30. Suppose 3*d = -a - 3, d + 3*a + c = -3. Suppose d = o - 4*s + 179 - 1476, 0 = -3*o - s + 3956. Is o a composite number?
True
Let d = -17907 - -25696. Is d prime?
True
Let h = -235059 + 437288. Is h composite?
True
Let i = 12 - 6. Suppose -5*p = -i*p + 232. Suppose -v - 3*v = 2*s - p, -5*s = -v + 69. Is v a prime number?
True
Let k(c) = 50*c + 203. Let a be k(-4). Suppose 12646 = 2*o - a*y, -2*o - 3*o = 2*y - 31615. Is o a prime number?
True
Let r = 29249 + -15118. Is r prime?
False
Suppose 2*h - 13299417 = -5*r, 0 = 35*h - 33*h - 2. Is r composite?
False
Suppose -3*x + 5*m + 13 = 8, -4*x - 5 = 5*m. Suppose 4*b + 4*a - 9748 = 2*a, 4*a = x. Is b composite?
False
Suppose l - 351432 = -5*j, 0 = 2*l + 297*j - 302*j - 702939. Is l prime?
True
Let n(d) be the second derivative of -17*d**3/6 + 7*d**2/2 + 2*d. Let m be -19 + ((-5)/(-2))/(7/(-14)). Is n(m) a composite number?
True
Suppose -5*a = -3*w + 42, -8*w + a + 92 = -3*w. Suppose 55291 - 388190 = -w*y. Is y composite?
True
Suppose 204*j + 10*j = 5723040 + 7126162. Is j a composite number?
True
Suppose 4*q - 83 = 3*x + 2*q, 2*x + 5*q + 68 = 0. Is 0/x + 0 + 1279 a prime number?
True
Let r = 66 + -26. Let v be 10/r + (-2)/8. Suppose 3889 - 11228 = -5*j + 4*m, v = -3*j + m + 4409. Is j a composite number?
False
Suppose 9*q - 3*h - 40 = 7*q, 0 = h. Suppose q = 9*o - 16. Suppose 1 + 1 = z, v - 2295 = -o*z. Is v composite?
False
Let u = 51654 - -17773. Is u composite?
False
Let l = 15560 + 27797. Is l prime?
False
Let v(i) = 11*i**2 - 23*i - 5. Let u(t) = -5*t**2 + 12*t + 2. Let k(j) = -9*u(j) - 4*v(j). Let p be k(16). Is -4 + ((-6)/9)/(p/(-186)) prime?
False
Let t = 963 + -113. Suppose 3*i - 3884 = 5*a, -a = -2*i + t + 1737. Is i a composite number?
True
Let p be (-14180)/(-3) + 29/87. Suppose 0 = 24*r + 5*r - p. Is r prime?
True
Suppose 2*c = -9*c + 26103. Suppose 17*b - 24*b = -c. Is b a composite number?
True
Suppose -12*k - 150075 + 641439 = 0. Suppose 112*l = 115*l - k. Is l a prime number?
True
Let t be (-1)/(((-25)/(-10))/(-5)). Suppose -t*y = -6*y. Suppose y = -p - 0*p + 889. Is p composite?
True
Let s(y) = 16 + 3*y + 7*y + y - 2*y. Let c be 7 + (-10)/((-25)/5). Is s(c) composite?
False
Suppose 3*z - 24 - 12 = 0. Suppose 4*h = -0*h + z. Suppose -h = b - 7. Is b prime?
False
Let g be 5/((-15)/6)*-1. Let y(j) = -160*j - 207*j + 0 - 5 - g. Is y(-4) a prime number?
False
Is ((-2)/(192/699568))/(1/(-12)*2) composite?
True
Let n(x) = 140*x**2 + x - 1. Let p be (1*2/(-8))/((-1)/8). Suppose 4*d - 10 = -3*c, -4*c = -d + p + 10. Is n(d) prime?
True
Let f(o) = 32*o**3 + 8*o - 5. Let w be f(3). Suppose -y + 11899 = 3*c, -c - y = -w - 3082. Is c composite?
False
Let q(d) = 198*d + 2958. Let j be q(-15). Let y(c) be the third derivative of -c**6/120 - c**5/12 - 13*c**4/24 + 29*c**3/6 - c**2. Is y(j) a composite number?
False
Let k(s) = -7455*s + 12161. Is k(-4) a composite number?
False
Is (24452246/28 - 16)/(-2*2/(-8)) composite?
False
Suppose -3*s + 206 = 197. Suppose s*p = 2*p + 9. Is 62*((-12)/(-78) + p/26) composite?
False
Let h = 8158 - -4787. Let n = 19192 - h. Is n a composite number?
False
Suppose 48*z = -8*z + 5314196 + 1066052. Is z composite?
False
Let w = 121 + -70. Suppose i + 2*i = w. Suppose -i*m + 22*m = 2785. Is m composite?
False
Let h(a) = -11*a**3 - 10*a**2 + a + 19. Let w(f) = f**3 + 1. Let u(x) = h(x) - 6*w(x). Is u(-8) composite?
False
Suppose 3*j + 0*d - 4*d = 0, 5*j = 2*d + 14. Suppose 5*s + b = 62, 4*s - b = j*b + 67. Suppose s*a - 3438 = 6923. Is a composite?
False
Suppose -q - 20 = -20. Suppose -o + q*o = -3*t + 2213, -2942 = -4*t - 3*o. Is t prime?
False
Suppose 206*a - 426981 = 10272865. Is a prime?
True
Is (-7 + 91/14)/(5/(-8518130)) a prime number?
True
Let q(w) = 7*w - 61. Let s be q(9). Suppose s*g = z + 29183, 13*g - 8*g - 72951 = -4*z. Is g prime?
True
Let g be 3/2*-2 - -9. Is (16162/(-12))/((-1)/g) prime?
True
Let h be (6/2*-1181)/((-3)/9). Suppose 6*z - 33381 = h. Suppose z = 7*f + 2*f. Is f composite?
True
Let u = 33082 + -23555. Is u a prime number?
False
Is (-13)/26 - (-66215)/2 a prime number?
True
Let u = -155879 - -327730. Is u a composite number?
False
Let j(u) = 159*u**2 + 5*u - 2. Let f(t) = -t**2 + t + 1. Let y(o) = -3*f(o) + j(o). Suppose -p - 3 = i - 6, -5*i + 8 = -2*p. Is y(i) composite?
False
Let a(k) be the first derivative of -k**3/3 + k**2 + 17*k - 21. Let o be a(6). Let g(r) = -96*r + 11. Is g(o) composite?
False
Let i be ((-588183)/34)/((-1)/2). Suppose 16*t - i = 35433. Is t a prime number?
False
Let z(r) = r**3 - 25*r**2 + 41*r + 3. Let l be z(20). Let g = -510 - l. Is g a prime number?
False
Suppose -3*i + 13604 - 4913 = 0. Suppose -762 - 1382 = -3*d + 5*o, 0 = -4*d - o + i. Is d composite?
True
Let q(p) be the first derivative of -p**3 + 15*p**2 - 4*p + 11. Let v be q(10). Is (-402)/v*12/9 a prime number?
False
Let b(z) = -2*z**2 + 24*z - 23. Let o be b(9). Let t(x) = 8*x + 29 + 2*x**2 + o - 35. Is t(-12) a prime number?
False
Let x be (10/(-6) + 2)/(6/18). Let k(s) = 2843*s**3 + 3*s**2 - 4*s + 1. Is k(x) composite?
False
Suppose -5*j + 18004 = 9*j. Suppose -c - j + 7720 = 0. Is c composite?
True
Let l = -6398 + 57507. Is l a prime number?
True
Let c = 286 - -412. Let f(u) = 21*u - 28. Let k be f(8). Is (c/8)/(7/k) composite?
True
Suppose -41*v + 14570953 = 98*v. Is v composite?
False
Suppose 513 + 181 = p. Let f = 526 - 526. Suppose f = -o - o + p. Is o a composite number?
False
Let h(k) = 16*k**3 - 16*k**2 + 10*k + 92. Is h(15) a prime number?
False
Let t(g) = 31*g - 71. Let n be t(4). Suppose 8*x - 483 = n. Is x composite?
False
Suppose 0 = 4*o - 7 - 5. Suppose o*s - 960 = 3*h + 243, -2008 = -5*s + 4*h. Let p = s - 97. Is p a composite number?
False
Let p = 718236 - 225529. Is p a prime number?
True
Let i = 143 - 139. Suppose 5*f = 4*q + 3919, -2463 - 669 = -i*f + 4*q. Is f a composite number?
False
Let t(z) = 2*z**2 + 7*z - 4. Let s be t(-4). Suppose 0 = -4*g - s*g 